 = 2*s - n*s + 196. Let q = 2676 - 2666. Calculate the remainder when s is divided by q.
9
Suppose 4*k - 3*b + 277 = 8*k, 0 = 5*k + b - 338. Suppose -k + 437 = 5*t + o, -o - 155 = -2*t. What is the remainder when t is divided by 19?
18
Let d be (1 + -7)*(-52)/6. Suppose -z + 3*k + d = 0, -2*z + k = 2*k - 69. Let j = z + -29. Calculate the remainder when 21 is divided by j.
5
Suppose j + 70 = 11*j. Suppose j*q = 14*q - 14. Suppose h = -4*m + 61, 2*h + q*m - m - 87 = 0. Calculate the remainder when h is divided by 9.
5
Suppose 81*a - 208 = 77*a. What is the remainder when a is divided by 41?
11
Let g = 16 - 12. Let y(t) = 9*t. What is the remainder when g + (-6 - -1) + 52 is divided by y(2)?
15
Let c(i) = 2*i**2 + i - 2. Let x be (9/(-6))/((-2)/156). What is the remainder when (x/36)/(2/8) is divided by c(2)?
5
Let o = -18592 - -18990. What is the remainder when o is divided by 32?
14
Let r(b) = 5*b + 7. Suppose -249*y = -254*y - 50. Let f(d) = -12*d - 49. Calculate the remainder when f(y) is divided by r(6).
34
Let y = -27224 - -27364. Let s = -69 + 147. What is the remainder when y is divided by s?
62
Let n(y) = 3*y - 105. Let x be n(32). What is the remainder when (-327)/x + 5/(-15) is divided by 5?
1
Calculate the remainder when (0 - (-22296)/15) + 12/240*12 is divided by 71.
67
Suppose 3*v - 18 = 30. Let j(x) = 206*x + 9162. Calculate the remainder when j(-44) is divided by 1/1 + (v - -3).
18
Suppose 0 = 2*z + 2*b - 374, 34*z - 37*z + 553 = 2*b. What is the remainder when 918 is divided by z?
23
Suppose r - 5*g + 0 = -6, -r - 5*g = -34. Let d be (-6)/(-21) + 80/r. Suppose d = f - 0. What is the remainder when 8 is divided by f?
2
What is the remainder when 1011 is divided by -13 + (-477)/(9/(2 - 5))?
135
Suppose 2750*r - 3267 = 1375*r + 1348*r. Calculate the remainder when r is divided by (-10)/(-25) - (-18)/5.
1
Let x = -234 - 46. Let r = -209 - x. What is the remainder when 422 is divided by r?
67
Let m(g) = 2*g**3 + g**2 - 18*g - 56. What is the remainder when m(7) is divided by 2?
1
Let d(b) = -2*b**3 - 79*b**2 + 3472*b - 1331. Let t = 291 - 192. What is the remainder when d(-66) is divided by t?
88
Suppose -v = -4*z + 34, 2*z - 8 = -3*v - v. Let p(r) = r**3 - 8*r**2 + 7*r - 429. Calculate the remainder when p(11) is divided by z.
3
Let i be (-2)/(-1) + (10 + -4 - 9). Calculate the remainder when 75 + i + -10 + 7 is divided by 18.
17
Suppose 3*c = 3*r - 3, c + 11 = 3*r - 0. Suppose -5*m = -4*u + 589, -5*u + 4*m - r*m = -700. Calculate the remainder when u is divided by 13.
11
Suppose -15*m + 384 = -1011. Calculate the remainder when 6415 is divided by m.
91
Let q(w) = 3*w - 13. Let h(d) be the first derivative of -d**2 + 7*d + 19. Let p(m) = -5*h(m) - 3*q(m). What is the remainder when 21 is divided by p(2)?
3
Let l be (5/3)/((-50)/(-360)). Let h = 1 + l. What is the remainder when 51 is divided by h?
12
Let c(d) = -d**3 + 50*d**2 + 716*d - 1. Calculate the remainder when c(-12) is divided by 57.
50
Let a(f) = f**3 + 44*f**2 - 7*f - 49*f**2 + 5 - 18. Let o = 16 + -9. Calculate the remainder when 142 is divided by a(o).
34
Suppose 4*w = 6*w - 42. Let m(f) = -f + 18. What is the remainder when 765/w - 18/42 is divided by m(8)?
6
Let v(k) = k**2 + 247*k + 1473. Let x = -125 - -241. What is the remainder when x is divided by v(-6)?
8
Let t = -6903 - -7025. Calculate the remainder when t is divided by 34.
20
Let k(f) = -2*f**2 + 10*f + 35. Suppose -5*q + 4*t = -47, -3*q - 2*q = -2*t - 41. Calculate the remainder when 52 is divided by k(q).
3
Let a(c) = -27*c + 32. Let s be 0/(14/(-21)*-3). What is the remainder when 57 is divided by a(s)?
25
Suppose -5*h - 3*a = -3694, -3*h + 2*a + 249 + 1975 = 0. Calculate the remainder when h is divided by 737.
3
Let j(d) = 37*d - 16. Let v(x) = 74*x - 31. Let m(t) = 7*j(t) - 3*v(t). Calculate the remainder when m(18) is divided by 26.
23
Suppose -414 = 4*t + l, 0*t - 422 = 4*t + 5*l. Let s = t - -112. Suppose s*m + 9 = 36. Calculate the remainder when 9 is divided by m.
0
Let k be -12*3/((-27)/24). Calculate the remainder when 189 is divided by 2 - (21/(-12) - (-24)/k).
0
Suppose -y + 5*h = -34, 2*y - 4*y + 84 = -2*h. Suppose -c + 9 = -b, -3*c - 5*b - 5 + 48 = 0. Calculate the remainder when -1 + y + -3 + 12/6 is divided by c.
9
Suppose k + m = -2, 0 = 5*m - 0*m + 15. What is the remainder when (-1 + k)/6 - 27*-1 is divided by 13?
1
Let b = 10 - 4. Let k(v) = -3*v**2 - 4*v - 2*v**2 - 6*v**3 - 4 - 4*v**3 + 12*v**2 + 9*v**3. What is the remainder when k(b) is divided by 5?
3
Let y = 24 + -30. Let h(m) = -m**2 - m + 23. Let x be h(y). Let t(d) = -9*d - 13. What is the remainder when t(x) is divided by 13?
11
Suppose 0 = 5*o - 0 + 10, -410 = 2*l - 4*o. Let t = 389 + l. Calculate the remainder when t is divided by 23.
19
Let z(c) = -12*c + 131. Let w be z(11). What is the remainder when 741 is divided by (-4)/w + (34 - 31)?
6
Let x = 3113 + -1574. What is the remainder when x is divided by 35?
34
Let w = 67 + -81. Calculate the remainder when 141 is divided by ((2 - w) + -7)/1.
6
Suppose -11 + 11 = 3*u. Suppose 5*j + u*j + 2145 = 5*l, -3*j = 6. Suppose -l = -3*f - 133. What is the remainder when f is divided by 25?
23
Let u(g) = 12 + 2*g**2 - 15*g + 48*g - 19*g. Let p be u(-13). What is the remainder when (p/30)/((-2)/(-5)) is divided by 7?
0
Let m = -9 - -35. Let q = -12 + m. Let y = 6458 - 6433. Calculate the remainder when y is divided by q.
11
Let u(l) = -2*l**2 + 160*l - 201. Calculate the remainder when 201 is divided by u(78).
90
Suppose -10*j - 206 = -16*j - 68. What is the remainder when 154 is divided by j?
16
Let u(c) = -27*c + 66. Let g = 20 - 12. Let y be u(g). Let f = -121 - y. What is the remainder when f is divided by 18?
11
Let s = -63 + 88. Let f be (-160)/s*15/(-3). Suppose -9*o + f = -571. What is the remainder when o is divided by 23?
21
Suppose 5*d + 5 = 0, 3*s = -d + 5*d + 154. Let r = -351 + 345. What is the remainder when 77 is divided by (r/(-5))/(3/s)?
17
Let u(g) = -5*g**2 + 2*g + 3. Let h(t) = 2*t**2 - 1. Let i(r) = 8*h(r) + 3*u(r). What is the remainder when i(-13) is divided by 31?
30
Let z(u) = -u**3 + 20*u**2 - 20*u + 19. Let m be z(19). Suppose m = 4*l + 4*v - 552, 0 = 6*l - 3*l + 4*v - 417. What is the remainder when l is divided by 35?
30
Let q be (47/4 - -1) + (-255)/340. Calculate the remainder when ((-2070)/q - 4/8)*-1 is divided by 35.
33
Let d(w) = -4*w**2 - 236*w + 107. Let u be d(-59). Suppose 0 = -4*k + k - 306. Let c = u + k. Calculate the remainder when 8 is divided by c.
3
Let x = 80 - 32. Suppose 10*p - 32 = x. Calculate the remainder when 31 is divided by p.
7
Let c = 8 - -5. Suppose -q + 238 = -7*p + 2*p, 4*q = 12. Let u = p - -110. What is the remainder when u is divided by c?
11
Suppose -3*p + 9*d + 4091 = 4*d, 0 = -5*p - 3*d + 6773. Calculate the remainder when p is divided by 124.
117
Let x = -140 + 155. Suppose -12*c = -x*c - 5*a + 155, 3*c + 2*a - 143 = 0. Suppose -3*q + 4*q - 24 = 0. What is the remainder when c is divided by q?
21
Suppose 0 = 187*r - 27055 - 151717. Calculate the remainder when r is divided by 217.
88
Let i = -241 + 283. Suppose -56*x - i = -58*x. Let b = -43 + 103. What is the remainder when b is divided by x?
18
Let c(o) = -4*o**2 + 65*o + 2. Let w be c(15). Suppose 2*i - 185 = w. What is the remainder when i is divided by 8?
3
Let h = -9481 + 14246. Calculate the remainder when h is divided by 8.
5
Let s be -2*4/24*(-36 - -3). Suppose -t = -2*t + s. Calculate the remainder when t is divided by 1.
0
Let y(r) = -r**2 - 98*r - 851. Calculate the remainder when y(-53) is divided by 12.
10
Suppose -3*l + 23 - 8 = 0. Suppose -u = -2*m - 2 - 5, l = -4*u - 3*m. Let g(x) = 22*x - 1. Calculate the remainder when 83 is divided by g(u).
20
Let i = -3 + 7. Let x = -89 - -97. Suppose x*w = 4*s + 6*w - 64, 0 = s + 4*w + 2. Calculate the remainder when s is divided by i.
2
Let u(z) = z**2 - 136*z + 1054. Calculate the remainder when 200 is divided by u(7).
49
Let p(v) be the second derivative of -13*v**3/3 - 49*v**2 - 107*v. Calculate the remainder when p(-6) is divided by 21.
16
Suppose t - 892 = 4*z - t, -426 = 2*z + 4*t. Let k = z - -276. Calculate the remainder when k is divided by 18.
1
Let i(u) = 37 + 34*u + u**2 + 56*u - 105*u. Let c be 